e m(-3).
-305
Let s(h) = -15*h**2 - 240*h + 1. Calculate s(-16).
1
Let i(j) = -675*j - 20972. What is i(-31)?
-47
Let n(p) = -37*p - 128. Give n(-4).
20
Let b(f) = 3*f**2 + 113*f + 648. Give b(-31).
28
Let y(m) = -m**3 + 14*m**2 - 19*m + 9. Calculate y(9).
243
Let i(y) = 3*y**2 - 203*y + 336. Give i(66).
6
Let x(y) = y**2 - 4*y - 94. What is x(-8)?
2
Let t(d) = -d**3 + 152*d**2 + 9*d - 1367. What is t(152)?
1
Let s(n) = n**2 + 21*n + 74. What is s(-3)?
20
Let k(q) = 11*q - 95. Give k(4).
-51
Let g(i) = i**2 + 106*i - 2167. Give g(18).
65
Let j(n) = -3*n**3 - 33*n**2 + 2*n - 36. What is j(-11)?
-58
Let o(q) = -q**2 + 90*q - 1989. What is o(50)?
11
Let t(r) = r**2 + 49*r - 995. Give t(16).
45
Let u(j) = 53*j - 944. Calculate u(18).
10
Let y(g) = -2*g**3 - 9*g**2 + 16*g + 89. What is y(-5)?
34
Let s(d) = -2*d**3 + 175*d**2 - 53*d - 2965. Determine s(87).
-7
Let x(h) = 63*h - 17263. Calculate x(274).
-1
Let r(l) = 83*l + 1149. What is r(-14)?
-13
Let b(t) = -111*t + 3254. Determine b(30).
-76
Let f(y) = -5*y**2 + 84*y - 435. What is f(11)?
-116
Let x(s) = -381*s - 1188. Determine x(-3).
-45
Let y(h) = 1069*h - 1065. Calculate y(1).
4
Let q(r) = 146*r + 242. Determine q(-3).
-196
Let x(b) = -b**3 - 38*b**2 - 22*b + 595. Give x(-37).
40
Let b(i) = -19*i**2 - 324*i - 14. Determine b(-17).
3
Let j(b) = 58*b + 366. Determine j(-6).
18
Let f(g) = 60*g**2 + 516*g - 207. Determine f(-9).
9
Let a(s) = -3*s**2 + 412*s + 271. Determine a(138).
-5
Let h(v) = -4*v**2 + 274*v - 159. What is h(68)?
-23
Let o(y) = -7*y - 608. What is o(-64)?
-160
Let l(f) = 24404*f + 24402. Calculate l(-1).
-2
Let k(j) = 67*j - 293. What is k(3)?
-92
Let c(w) = -5*w + 243. Calculate c(49).
-2
Let u(m) = -268*m + 5884. Give u(22).
-12
Let m(w) = 86*w - 10497. Give m(122).
-5
Let x(r) = r**3 - 4*r**2 - 25*r - 58. Calculate x(9).
122
Let d(n) = -n**2 + 28*n - 158. What is d(8)?
2
Let q(b) = -35*b**3 - 3*b**2 + 25*b - 22. Calculate q(1).
-35
Let g(p) = 47*p**3 + 331*p**2 + 11*p - 4. Determine g(-7).
17
Let q(t) = -336*t + 269. Calculate q(1).
-67
Let o(x) = -37*x - 40. What is o(-6)?
182
Let g(y) = -5833*y + 29160. Determine g(5).
-5
Let h(f) = -f**3 - 77*f**2 - 723*f + 195. Determine h(-66).
-3
Let m(j) = -3*j**3 - 22*j**2 - 45*j + 3. Determine m(-3).
21
Let d(i) = -246*i**2 + 3197*i + 17. Give d(13).
4
Let c(h) = 4*h**2 + 110*h - 114. What is c(-14)?
-870
Let g(y) = 226*y - 2398. Determine g(11).
88
Let k(a) = a**2 + 17*a + 4. What is k(-13)?
-48
Let k(x) = 3*x**2 - 30*x - 27. Give k(10).
-27
Let u(k) = -82*k + 158. Give u(7).
-416
Let q(z) = z**3 - 55*z**2 - 117*z + 178. Determine q(57).
7
Let y(v) = v**3 + 32*v**2 - 64*v + 121. Determine y(-34).
-15
Let w(d) = -d**3 + 2*d**2 + 97*d - 23. Calculate w(-9).
-5
Let s(k) = -42*k - 327. What is s(-8)?
9
Let m(o) = o**3 + 26*o**2 + 34*o + 108. Give m(-25).
-117
Let r(n) = 18*n - 14. What is r(4)?
58
Let l(b) = -16002*b + 112004. Determine l(7).
-10
Let v(w) = 5309*w - 31844. Give v(6).
10
Let z(h) = 133*h - 2522. Calculate z(19).
5
Let u(x) = -x**3 - 3*x**2 + 138*x - 508. Calculate u(7).
-32
Let b(x) = 4*x**2 + 415*x + 317. What is b(-103)?
8
Let l(n) = 26*n**2 - 29*n - 77. Determine l(-6).
1033
Let s(p) = -2*p**3 - 84*p**2 + 365*p - 5. Give s(4).
-17
Let y(z) = z**3 - 10*z**2 + z - 48. What is y(11)?
84
Let b(a) = -a**2 - 1208*a - 15458. Give b(-13).
77
Let v(g) = -g**2 - 62*g + 633. Determine v(9).
-6
Let r(w) = 23*w - 1131. What is r(48)?
-27
Let s(p) = 10*p + 943. Give s(-87).
73
Let p(n) = -71*n - 384. Determine p(-7).
113
Let k(r) = 1233*r - 16025. Determine k(13).
4
Let u(r) = r**3 - 24*r**2 + 31*r + 285. What is u(22)?
-1
Let t(v) = 341*v + 2049. Determine t(-6).
3
Let c(y) = -49*y + 316. Determine c(7).
-27
Let c(n) = -146*n - 1162. Determine c(-8).
6
Let v(l) = l**3 - 25*l**2 - 2336. What is v(28)?
16
Let h(d) = 2*d**3 + 6*d**2 + 24*d + 5. What is h(-2)?
-35
Let y(i) = -6042*i + 54387. Calculate y(9).
9
Let x(v) = -v**3 + 41*v**2 + 44*v + 137. What is x(42)?
221
Let g(u) = 401*u**2 - 411*u + 4. Determine g(1).
-6
Let w(k) = k**3 - 117*k**2 - 865*k - 378. Calculate w(124).
-6
Let y(x) = 3*x**2 + 76*x - 54. Determine y(-27).
81
Let y(v) = -292*v - 173. Give y(0).
-173
Let s(b) = -72*b**2 + 1017*b - 159. Determine s(14).
-33
Let s(o) = 123*o - 9728. Determine s(79).
-11
Let l(i) = i**2 - 44*i + 239. Give l(14).
-181
Let i(u) = -u**3 - 60*u**2 - 307*u - 1744. What is i(-55)?
16
Let k(v) = v**2 - 8*v - 27. Calculate k(-3).
6
Let p(y) = y**2 + 84*y - 3749. Determine p(32).
-37
Let y(f) = 25*f + 995. Calculate y(-38).
45
Let z(p) = -4*p**2 + 208*p + 222. Calculate z(53).
10
Let u(n) = -8*n**2 - 388*n + 178. Give u(-49).
-18
Let x(l) = -656*l - 17712. Give x(-27).
0
Let s(l) = -l**3 - 35*l**2 - 589*l - 3932. Give s(-13).
7
Let r(k) = 16*k**2 - 25*k + 3. Calculate r(3).
72
Let z(t) = t**3 + 9*t**2 + 1057*t + 7313. Give z(-7).
12
Let q(v) = 118*v**2 + 1072*v + 4. Calculate q(-9).
-86
Let h(l) = -2*l**2 + 121. Give h(8).
-7
Let r(o) = 770*o + 67009. Give r(-87).
19
Let j(w) = -w**3 - 30*w**2 - 25*w + 173. What is j(-29)?
57
Let b(i) = -i**3 + 6*i**2 + 18*i - 114. Calculate b(6).
-6
Let y(w) = 11*w**3 + w**2 + 17*w - 18. Give y(1).
11
Let m(z) = 65*z - 994. What is m(15)?
-19
Let h(l) = -273*l + 4804. Give h(18).
-110
Let i(p) = -62*p - 9673. What is i(-156)?
-1
Let b(y) = -y**3 - 54*y**2 + 173*y + 88. Calculate b(-57).
-26
Let j(z) = z**3 + 33*z**2 + 32*z - 70. What is j(-32)?
-70
Let q(x) = x**3 + 71*x**2 + 204*x - 10. What is q(-68)?
-10
Let u(l) = -145*l + 7710. Determine u(53).
25
Let g(z) = z**3 - 25*z**2 + 56*z + 233. Calculate g(22).
13
Let m(v) = -v**3 + 48*v**2 - 313*v - 277. Calculate m(40).
3
Let d(u) = -29*u + 3378. Give d(120).
-102
Let o(x) = 303*x - 61. Calculate o(1).
242
Let h(k) = 3*k**2 - 1113*k + 12920. What is h(359)?
-4
Let b(i) = -i**3 + 5*i**2 + 22*i - 5. Calculate b(5).
105
Let b(l) = -91*l - 792. Calculate b(-9).
27
Let r(p) = p**3 + 28*p**2 + 25*p - 100. Determine r(-27).
-46
Let o(f) = 2*f**3 + 590*f**2 - 3612*f + 41. Determine o(-301).
41
Let v(u) = -50*u + 278. Give v(6).
-22
Let f(h) = h**2 - 94*h - 1459. Determine f(-13).
-68
Let v(n) = -23*n + 663. Give v(29).
-4
Let u(i) = -i**2 + 49*i - 900. Determine u(27).
-306
Let i(z) = -z**2 + 115*z + 3005. Give i(-22).
-9
Let s(v) = -v**3 + 46*v**2 - 136*v + 100. Calculate s(43).
-201
Let y(f) = -42*f + 11. Calculate y(-5).
221
Let p(n) = -972*n - 18459. Determine p(-19).
9
Let v(f) = f**3 - 18*f**2 + 7*f - 75. Give v(18).
51
Let w(g) = 2*g**3 + 25*g**2 + 424*g + 5686. What is w(-13)?
5
Let g(i) = i**2 - 89*i + 1982. Determine g(46).
4
Let j(q) = -28*q**2 + 2050*q - 430. What is j(73)?
8
Let g(s) = -s**3 - 45*s**2 + 49. Give g(-45).
49
Let h(f) = -f**3 - 3*f**2 + 23*f. Give h(-5).
-65
Let v(p) = -p**3 - 25*p**2 + 63*p + 225. Determine v(-26).
-737
Let t(a) = 191*a**2 - 761*a - 16. Give t(4).
-4
Let a(v) = -4695*v - 32864. Calculate a(-7).
1
Let n(f) = -f**2 + 18*f + 2629. What is n(-43)?
6
Let h(y) = y**3 + 71*y**2 - 124*y + 1612. Give h(-73).
6
Let v(j) = j**2 - 278*j + 19170. Give v(128).
-30
Let o(x) = -95*x + 4556. Determine o(48).
-4
Let f(m) = m**3 - 28*m**2 - 4*m + 61. Determine f(28).
-51
Let o(m) = 71*m + 3618. Give o(-51).
-3
Let s(a) = 2*a**2 + 50*a - 150. What is s(-32)?
298
Let c(d) = -12056*d + 108502. What is c(9)?
-2
Let u(m) = 3*m**3 + 6*m**2 + m + 1. Determine u(0).
1
Let g(o) = -o**3 - 51*o**2 + 5*o + 51. Calculate g(-51).
-204
Let u(j) = 113*j - 3383. What is u(30)?
7
Let l(t) = -6267*t + 25105. Give l(4).
37
Let z(p) = -730*p - 2898. What is z(-4)?
22
Let q(h) = -3*h**2 + 21*h - 40. Give q(4).
-4
Let s(v) = 31*v**3 - 3*v**2 - 33*v + 35. Give s(1).
30
Let c(d) = -4*d**2 - 497*d - 642. Calculate c(-123).
-27
Let b(a) = a**2 + 484*a + 5657. What is b(-12)?
-7
Let w(y) = -y**2 + 26*y - 147. Calculate w(15).
18
Let r(o) = 61*o - 331. What is r(4)?
-87
Let d(c) = 4*c**2 - 11*c + 5. Calculate d(-6).
215
Let g(i) = -261*i - 7. Calculate g(3).
-790
Let x(z) = 292*z - 5040. Calculate x(17).
-76
Let d(z) = -8*z**3 + 312*z**2 + z - 52. Calculate d(39).
-13
Let d(r) = 12*r**2 - 661*r + 12. Give d(55).
-43
Let x(v) = -v**3 - 6*v**2 + 13*v. What is x(-5)?
-90
Let i(z) = -4*z**2 - 90*z - 815. Give i(-14).
-339
Let a(d) = -3490*d - 38395. What is a(-11)?
